ab7 (base 16) to base 9.
14268505
What is -100111111001001100001 (base 2) in base 7?
-14053114
What is 16225335 (base 7) in base 12?
6384b9
Convert -1153335 (base 9) to base 7.
-5214236
Convert -10244104 (base 5) to base 4.
-111111230
What is 803730 (base 12) in base 8?
7474124
Convert 49099 (base 12) to base 11.
680a9
What is 43201 (base 15) in base 8?
640124
What is 1255066 (base 7) in base 9?
271337
What is 10055504 (base 7) in base 16?
cc788
What is -32441302 (base 6) in base 8?
-3546006
-2023434 (base 6) to base 16
-179ce
ab784 (base 12) to base 13
7c702
Convert -7745 (base 15) to base 3.
-1021122202
-23103131230 (base 4) to base 14
-571ccc
Convert -2143413441 (base 5) to base 4.
-101310012233
Convert -d30e8 (base 15) to base 13.
-1a5358
-264e49 (base 16) to base 7
-30223656
What is 2130333 (base 4) in base 3?
111210010
-32b656 (base 12) to base 9
-1461213
What is 10ab6a (base 13) in base 15?
7c175
Convert 94636 (base 10) to base 2.
10111000110101100
Convert -5604680 (base 11) to base 7.
-146361422
Convert 500113 (base 6) to base 3.
1222101200
10001211101120 (base 3) to base 13
4510bc
Convert -2f447 (base 16) to base 8.
-572107
What is 1221122120120 (base 3) in base 11?
648678
-52b5c3 (base 13) to base 15
-2846a8
What is 10110000010010100 (base 2) in base 4?
112002110
What is -100002010011 (base 3) in base 4?
-223220002
-4240251 (base 6) to base 10
-207463
-8be204 (base 16) to base 3
-122020202021000
What is 1305524 (base 6) in base 11?
495a2
Convert -220251 (base 7) to base 15.
-b650
-1020120010121 (base 3) to base 15
-d0ad1
What is -224231203 (base 6) in base 14?
-795639
What is -10030030 (base 4) in base 9?
-25481
What is -121810 (base 11) in base 8?
-570203
-3053540 (base 8) to base 11
-502733
Convert dc55b (base 14) to base 9.
1002613
Convert 10003120 (base 4) to base 9.
24684
What is 846424 (base 12) in base 13?
57ca99
What is 1001001001000001 (base 2) in base 14?
d905
Convert -442040014 (base 5) to base 3.
-10120222022210
1938380 (base 10) to base 13
52b392
Convert -100202321303 (base 4) to base 9.
-8140545
Convert -3b57ba (base 15) to base 13.
-78bb48
Convert 84a2 (base 12) to base 6.
151122
202433341 (base 5) to base 10
827346
2371254 (base 9) to base 15
1a6481
13622c (base 13) to base 15
9463e
34041332 (base 5) to base 10
299592
What is 3266438 (base 11) in base 10?
5733142
Convert 861356 (base 15) to base 14.
bc21a1
-470607 (base 9) to base 8
-1047770
What is -11101110100110111111100 (base 2) in base 15?
-a469ed
What is -2378c (base 14) in base 4?
-111020200
88943 (base 16) to base 4
2020211003
What is -10324430 (base 5) in base 14?
-247d3
What is -110000121000112 (base 3) in base 12?
-21813a2
Convert 6b7b7 (base 14) to base 4.
1000001011
-606676 (base 8) to base 10
-200126
What is 20022212 (base 3) in base 8?
11005
What is -1ab80a (base 15) in base 10?
-1304560
Convert -23311021313 (base 4) to base 9.
-5746162
Convert 3113012023 (base 5) to base 2.
11000010100100111010000
101121211033 (base 4) to base 2
10001011001100101001111
-242640 (base 10) to base 3
-110022211200
What is -10614321 (base 8) in base 5?
-1042100423
12126554 (base 7) to base 6
35112532
Convert 1146292 (base 10) to base 15.
179997
What is -12852226 (base 9) in base 5?
-3111241232
What is 1100011001001111100110 (base 2) in base 13?
899b7a
What is 552a1 (base 15) in base 9?
452167
Convert 244031332 (base 5) to base 7.
12563043
Convert -2221232 (base 8) to base 10.
-598682
4714 (base 8) to base 5
40013
What is -224011000 (base 5) in base 3?
-1212211202211
What is 503414 (base 7) in base 14?
2310b
What is 13126202 (base 7) in base 2?
100100101000010000001
-30622 (base 9) to base 5
-1121224
Convert -1102212204 (base 5) to base 14.
-4601d9
Convert -11b834 (base 13) to base 7.
-3421165
What is 1011001001111110100011 (base 2) in base 14?
561a95
What is 5245403 (base 6) in base 7?
2112102
What is -44243111 (base 5) in base 12?
-166390
Convert 11162143 (base 8) to base 9.
4484483
-3050061 (base 7) to base 4
-1121013003
Convert -103211110 (base 4) to base 6.
-1415204
-524221 (base 7) to base 3
-11120220021
What is 2411029 (base 10) in base 8?
11145025
Convert -245513354 (base 6) to base 11.
-2757191
-15174 (base 11) to base 12
-10536
2377058 (base 9) to base 6
43401212
Convert 10011100011001110 (base 2) to base 4.
103203032
Convert -3324024 (base 7) to base 15.
-81540
1a4b2 (base 12) to base 13
1481c
What is -542516 (base 9) in base 8?
-1167447
-20231320202 (base 4) to base 15
-3020e5
Convert 211202310112 (base 4) to base 5.
10004420232
Convert -1522452 (base 6) to base 2.
-10101101010100000
What is 347532 (base 10) in base 4?
1110312030
32101120 (base 4) to base 5
3332311
70db55 (base 15) to base 3
101002102100122
Convert 187855 (base 9) to base 7.
666044
224334223 (base 5) to base 9
1811846
Convert 7c804 (base 13) to base 3.
102120021101
Convert -2732144 (base 9) to base 5.
-340404422
What is -1041032213 (base 5) in base 13?
-61c459
-54458 (base 12) to base 9
-178525
Convert -10111011010111000101 (base 2) to base 13.
-20b400
What is -1242040 (base 5) in base 15?
-7480
What is 959897 (base 13) in base 14?
673827
42443442 (base 5) to base 13
c7695
Convert -1201310023 (base 4) to base 3.
-202100120221
Convert 344523 (base 6) to base 3.
1111120020
21112321 (base 4) to base 15
b554
Convert -109a6 (base 12) to base 9.
-33350
110000111100011101 (base 2) to base 13
70334
1265340 (base 7) to base 9
274756
What is 112001132 (base 4) in base 10?
90206
Convert -1143202040 (base 5) to base 14.
-5076a1
Convert -35662 (base 7) to base 9.
-13624
What is -23132010 (base 4) in base 9?
-71400
What is -3713c6 (base 15) in base 8?
-12035700
What is 1101430 (base 6) in base 9?
83160
-131220102 (base 4) to base 16
-1da12
5fb72 (base 16) to base 15
7b26a
4ce19 (base 15) to base 14
659dc
Convert -211221111 (base 4) to base 2.
-100101101001010101
Convert -114541445 (base 7) to base 11.
-40462a5
Convert 204ed (base 15) to base 4.
120333211
-113311140 (base 5) to base 13
-15542a
20200110 (base 4) to base 11
2419a
Convert a57 (base 16) to base 10.
2647
What is -10135353 (base 8) in base 4?
-20023223223
-130203022 (base 4) to base 16
-1c8ca
What is -570673 (base 10) in base 11?
-35a834
Convert 13010221121 (base 4) to base 13.
4cbb87
Convert -d187c (base 14) to base 11.
-314598
What is -1533312 (base 6) in base 4?
-112001030
-121310404 (base 5) to base 2
-10001011110010111100
-117228 (base 16) to base 7
-12501225
Convert -11101010123 (base 4) to base 6.
-45331455
-101202020121 (base 3) to base 15
-42a5d
What is -443354210 (base 6) in base 10?
-8008926
Convert 20dbd (base 15) to base 12.
50481
-111110101000010111001 (base 2) to base 12
-82b7b5
Convert -11713b (base 12) to base 5.
-33004410
Convert 22713253 (base 8) to base 13.
1045a34
Convert 11100200032 (base 4) to base 6.
45313034
-23030445 (base 8) to base 12
-1809799
What is -2131441123 (base 5) in base 7?
-53530255
188621 (base 9) to base 7
1000441
167508 (base 9) to base 10
103931
What is 10441160 (base 7) in base 4?
3123323021
What is 10011001011001001110 (base 2) in base 5?
130101202
What is -101350133 (base 6) in base 11?
-a9a459
What is 11112051 (base 6) in base 15?
698d7
What is 1056363 (base 8) in base 15?
59ac9
b1a487 (base 12) to base 6
135255051
-964089 (base 10) to base 6
-32355213
274b48 (base 13) to base 6
32233020
-2634779 (base 12) to base 7
-121022313
-2304103 (base 6) to base 11
-80348
Convert 2024703 (base 8) to base 2.
10000010100111000011
What is -b609a (base 15) in base 4?
-2030323312
Convert 651941 (base 10) to base 11.
4058a4
What is -1001011111001001 (base 2) in base 5?
-2220412
Convert 100001001000100000001101 (base 2) to base 11.
49a2673
Convert -10100100010000110011 (base 2) to base 16.
-a4433
-6a1c (base 14) to base 4
-10200102
-12332042 (base 6) to base 12
-174022
Convert 343420203 (base 5) to base 7.
16063346
What is -5d161 (base 15) in base 9?
-502751
126722 (base 8) to base 11
30483
Convert -100221112 (base 5) to base 4.
-1201033022
45710 (base 16) to base 9
473145
Convert -2694219 (base 10) to base 9.
-5055686
Convert 55786 (base 13) to base 7.
1214065
What is 120121000222 (base 3) in base 16?
4aef7
Convert 2953a6 (base 11) to base 6.
13514141
Convert 507c3c (base 14) to base 6.
134033410
Convert 3044305 (ba